{"id":57,"date":"2023-06-04T16:10:52","date_gmt":"2023-06-04T16:10:52","guid":{"rendered":"http:\/\/54.147.140.33\/?page_id=57"},"modified":"2025-01-19T16:22:24","modified_gmt":"2025-01-19T14:22:24","slug":"quem-sou-eu","status":"publish","type":"page","link":"https:\/\/analuzterapias.com\/pt\/quem-sou-eu\/","title":{"rendered":"Sobre mim"},"content":{"rendered":"<div class=\"wp-block-image\">\n<figure class=\"alignleft size-large is-resized\"><img data-recalc-dims=\"1\" fetchpriority=\"high\" decoding=\"async\" width=\"480\" height=\"324\" src=\"https:\/\/i0.wp.com\/analuzterapias.com\/wp-content\/uploads\/2025\/01\/7E0A0053.jpg?resize=480%2C324&#038;ssl=1\" alt=\"\" class=\"wp-image-1109\" style=\"width:369px;height:auto\" srcset=\"https:\/\/i0.wp.com\/analuzterapias.com\/wp-content\/uploads\/2025\/01\/7E0A0053-scaled.jpg?resize=480%2C324&amp;ssl=1 480w, https:\/\/i0.wp.com\/analuzterapias.com\/wp-content\/uploads\/2025\/01\/7E0A0053-scaled.jpg?zoom=2&amp;resize=480%2C324&amp;ssl=1 960w, https:\/\/i0.wp.com\/analuzterapias.com\/wp-content\/uploads\/2025\/01\/7E0A0053-scaled.jpg?zoom=3&amp;resize=480%2C324&amp;ssl=1 1440w\" sizes=\"(max-width: 480px) 100vw, 480px\" \/><\/figure>\n<\/div>\n\n\n<p>Ol\u00e1! Eu sou AnaLuz Gardim,<\/p>\n\n\n\n<p>Tenho paix\u00e3o por adquirir e compartilhar conhecimentos que promovam o bem-estar integral e o desenvolvimento pessoal.<\/p>\n\n\n\n<p>Embora minha ess\u00eancia tenha origem no Brasil, agora resido no vibrante cora\u00e7\u00e3o da Espanha, em Val\u00eancia, trazendo minha heran\u00e7a de uma linha ancestral de curandeiros para este canto encantador do mundo.<\/p>\n\n\n\n<p>Treinei em uma variedade de terapias hol\u00edsticas e tradicionais, incluindo Psicoterapia Hol\u00edstica, Gestalt, Terapia Xam\u00e2nica, Reiki, Aromaterapia, Flores de Bach, P\u00eandulo Hebraico, Registros Ak\u00e1shicos, Limpeza Energ\u00e9tica e Apometria.<\/p>\n\n\n\n<p>Minha principal especializa\u00e7\u00e3o \u00e9 a terapia de Constela\u00e7\u00e3o Familiar, uma poderosa ferramenta de cura que nos permite explorar e resolver conflitos e padr\u00f5es emocionais enraizados em nossa \u00e1rvore geneal\u00f3gica. Esta abordagem permite-me ajudar as pessoas a descobrir e curar as feridas do seu passado familiar, criando um caminho para uma vida mais plena e harmoniosa.<\/p>\n\n\n\n<p>Al\u00e9m disso, sou coach de vida e me dedico a orientar as pessoas em seu caminho de autodescoberta e alcance de seus objetivos. Utilizo meus conhecimentos e experi\u00eancias em diversas terapias para oferecer uma abordagem abrangente e personalizada a cada indiv\u00edduo.<\/p>\n\n\n\n<p>Ofere\u00e7o meus servi\u00e7os presencialmente ou online, de acordo com sua necessidade e comodidade.<\/p>\n\n\n\n<p>Convido voc\u00ea a se juntar a mim nesta jornada. Com todo o meu amor, mando um abra\u00e7o para voc\u00ea.<\/p>\n\n\n\n<p>Ana Luz Gardim.<\/p>\n\n\n\n<p><\/p>","protected":false},"excerpt":{"rendered":"<p>Ol\u00e1! Sou AnaLuz Gardim, sou apaixonada por adquirir e partilhar conhecimentos que promovam o bem-estar integral e o desenvolvimento pessoal. Embora minha ess\u00eancia tenha origem no Brasil, hoje resido no\u2026 <\/p>","protected":false},"author":1,"featured_media":32,"parent":0,"menu_order":0,"comment_status":"closed","ping_status":"closed","template":"","meta":{"_monsterinsights_skip_tracking":false,"_monsterinsights_sitenote_active":false,"_monsterinsights_sitenote_note":"","_monsterinsights_sitenote_category":0,"footnotes":""},"class_list":["post-57","page","type-page","status-publish","has-post-thumbnail","hentry"],"jetpack-related-posts":[],"jetpack_sharing_enabled":true,"_links":{"self":[{"href":"https:\/\/analuzterapias.com\/pt\/wp-json\/wp\/v2\/pages\/57","targetHints":{"allow":["GET"]}}],"collection":[{"href":"https:\/\/analuzterapias.com\/pt\/wp-json\/wp\/v2\/pages"}],"about":[{"href":"https:\/\/analuzterapias.com\/pt\/wp-json\/wp\/v2\/types\/page"}],"author":[{"embeddable":true,"href":"https:\/\/analuzterapias.com\/pt\/wp-json\/wp\/v2\/users\/1"}],"replies":[{"embeddable":true,"href":"https:\/\/analuzterapias.com\/pt\/wp-json\/wp\/v2\/comments?post=57"}],"version-history":[{"count":18,"href":"https:\/\/analuzterapias.com\/pt\/wp-json\/wp\/v2\/pages\/57\/revisions"}],"predecessor-version":[{"id":1115,"href":"https:\/\/analuzterapias.com\/pt\/wp-json\/wp\/v2\/pages\/57\/revisions\/1115"}],"wp:featuredmedia":[{"embeddable":true,"href":"https:\/\/analuzterapias.com\/pt\/wp-json\/wp\/v2\/media\/32"}],"wp:attachment":[{"href":"https:\/\/analuzterapias.com\/pt\/wp-json\/wp\/v2\/media?parent=57"}],"curies":[{"name":"wp","href":"https:\/\/api.w.org\/{rel}","templated":true}]}}

<div class="wp-block-image">
<figure class="alignleft size-large is-resized"><img data-recalc-dims="1" fetchpriority="high" decoding="async" width="480" height="324" src="https://i0.wp.com/analuzterapias.com/wp-content/uploads/2025/01/7E0A0053.jpg?resize=480%2C324&#038;ssl=1" alt="" class="wp-image-1109" style="width:369px;height:auto" srcset="https://i0.wp.com/analuzterapias.com/wp-content/uploads/2025/01/7E0A0053-scaled.jpg?resize=480%2C324&amp;ssl=1 480w, https://i0.wp.com/analuzterapias.com/wp-content/uploads/2025/01/7E0A0053-scaled.jpg?zoom=2&amp;resize=480%2C324&amp;ssl=1 960w, https://i0.wp.com/analuzterapias.com/wp-content/uploads/2025/01/7E0A0053-scaled.jpg?zoom=3&amp;resize=480%2C324&amp;ssl=1 1440w" sizes="(max-width: 480px) 100vw, 480px" /></figure>
</div>


<p>Olá! Eu sou AnaLuz Gardim,</p>



<p>Tenho paixão por adquirir e compartilhar conhecimentos que promovam o bem-estar integral e o desenvolvimento pessoal.</p>



<p>Embora minha essência tenha origem no Brasil, agora resido no vibrante coração da Espanha, em Valência, trazendo minha herança de uma linha ancestral de curandeiros para este canto encantador do mundo.</p>



<p>Treinei em uma variedade de terapias holísticas e tradicionais, incluindo Psicoterapia Holística, Gestalt, Terapia Xamânica, Reiki, Aromaterapia, Flores de Bach, Pêndulo Hebraico, Registros Akáshicos, Limpeza Energética e Apometria.</p>



<p>Minha principal especialização é a terapia de Constelação Familiar, uma poderosa ferramenta de cura que nos permite explorar e resolver conflitos e padrões emocionais enraizados em nossa árvore genealógica. Esta abordagem permite-me ajudar as pessoas a descobrir e curar as feridas do seu passado familiar, criando um caminho para uma vida mais plena e harmoniosa.</p>



<p>Além disso, sou coach de vida e me dedico a orientar as pessoas em seu caminho de autodescoberta e alcance de seus objetivos. Utilizo meus conhecimentos e experiências em diversas terapias para oferecer uma abordagem abrangente e personalizada a cada indivíduo.</p>



<p>Ofereço meus serviços presencialmente ou online, de acordo com sua necessidade e comodidade.</p>



<p>Convido você a se juntar a mim nesta jornada. Com todo o meu amor, mando um abraço para você.</p>



<p>Ana Luz Gardim.</p>



<p></p>

<p>Olá! Sou AnaLuz Gardim, sou apaixonada por adquirir e partilhar conhecimentos que promovam o bem-estar integral e o desenvolvimento pessoal. Embora minha essência tenha origem no Brasil, hoje resido no… </p>
